a composite number?
False
Is 145752559 a prime number?
True
Is 2793127 prime?
False
Is 8354629 a composite number?
True
Is 28253597 a prime number?
False
Is 31997038 a prime number?
False
Is 38993 prime?
True
Is 59752619 composite?
False
Is 1280519 composite?
False
Is 4605889 a prime number?
False
Is 7023421 prime?
True
Is 671400089 a composite number?
False
Is 118326959 prime?
True
Is 51183907 a prime number?
False
Is 578875469 composite?
False
Is 90746749 composite?
False
Is 98257235 a composite number?
True
Is 437569 composite?
True
Is 41592283 a prime number?
False
Is 493967 a prime number?
True
Is 29772251 composite?
False
Is 26134793 composite?
False
Is 163594337 prime?
True
Is 238435877 a prime number?
True
Is 4778599 a composite number?
True
Is 23192773 prime?
False
Is 3208301 a composite number?
True
Is 1406260879 a composite number?
False
Is 58558613 a prime number?
True
Is 66362561 a composite number?
False
Is 51907081 composite?
True
Is 23674727 composite?
True
Is 583871 a composite number?
True
Is 1459699 prime?
False
Is 29542441 composite?
False
Is 254959 prime?
True
Is 53949023 a prime number?
False
Is 42522107 prime?
True
Is 642211 composite?
False
Is 34951883 composite?
True
Is 791303 composite?
True
Is 26511041 a prime number?
False
Is 972737 a composite number?
True
Is 10388237 prime?
False
Is 766397 a prime number?
False
Is 340654 prime?
False
Is 223124021 a prime number?
True
Is 129548087 a prime number?
False
Is 191281039 composite?
False
Is 166010777 a composite number?
True
Is 44791715 prime?
False
Is 30202507 a composite number?
True
Is 55230547 a prime number?
False
Is 13914331 prime?
False
Is 19710131 composite?
True
Is 20086141 a prime number?
False
Is 47278277 a prime number?
True
Is 18182081 a composite number?
True
Is 2323609 composite?
False
Is 43874639 a composite number?
True
Is 23965694 a prime number?
False
Is 25288861 a prime number?
False
Is 65614349 composite?
False
Is 129583 a composite number?
True
Is 533711 composite?
False
Is 32878159 composite?
False
Is 261157 a prime number?
False
Is 30177019 composite?
False
Is 4302691 a prime number?
True
Is 1572391 prime?
False
Is 4505513 prime?
False
Is 188124553 a composite number?
False
Is 26234797 a prime number?
False
Is 329089 composite?
False
Is 476977 prime?
True
Is 12313907 composite?
False
Is 11271239 a composite number?
True
Is 54623131 prime?
False
Is 11052689 a composite number?
False
Is 159199881 composite?
True
Is 45039245 a composite number?
True
Is 88003961 a prime number?
True
Is 65977283 a prime number?
False
Is 1369495 a prime number?
False
Is 7478017 a prime number?
True
Is 4051345 a composite number?
True
Is 14933381 prime?
False
Is 15543847 a prime number?
False
Is 24089567 a composite number?
True
Is 20288839 a composite number?
True
Is 34319 prime?
True
Is 4631203 prime?
True
Is 2424733 a prime number?
False
Is 6431549 prime?
True
Is 35328749 composite?
True
Is 751629101 composite?
False
Is 3814379 a prime number?
False
Is 36030181 composite?
True
Is 550427 a composite number?
False
Is 1552157179 a prime number?
True
Is 79261333 prime?
True
Is 5407391 prime?
False
Is 439370257 prime?
True
Is 60663173 a composite number?
False
Is 816643 a prime number?
False
Is 181433 a prime number?
False
Is 24583367 composite?
False
Is 30013539 a composite number?
True
Is 5245771 a prime number?
False
Is 85161971 composite?
True
Is 54253351 a prime number?
False
Is 4340981 composite?
True
Is 3586013 composite?
True
Is 814947517 prime?
True
Is 6474119 prime?
True
Is 22116223 a composite number?
True
Is 169233137 a composite number?
False
Is 25684741 a prime number?
True
Is 132727873 prime?
False
Is 64525003 composite?
True
Is 18647161 a composite number?
True
Is 37164107 a prime number?
True
Is 336343 a composite number?
True
Is 56512343 prime?
True
Is 46701581 a prime number?
False
Is 42515287 a prime number?
True
Is 875890403 a prime number?
True
Is 3140855 a composite number?
True
Is 976571 composite?
False
Is 16641643 a composite number?
True
Is 19602997 prime?
True
Is 15509171 prime?
False
Is 15183173 composite?
False
Is 25066883 a prime number?
False
Is 9255289 a composite number?
False
Is 1007647 a prime number?
True
Is 6675609 a composite number?
True
Is 1532807 prime?
False
Is 10441597 a prime number?
True
Is 11667497 prime?
False
Is 121943357 composite?
False
Is 23239757 a prime number?
True
Is 2263357 prime?
True
Is 7503809 composite?
False
Is 41695655 a composite number?
True
Is 6063979 prime?
True
Is 24899359 prime?
True
Is 103484921 prime?
True
Is 937439 composite?
True
Is 1007873 prime?
True
Is 9971113 a prime number?
False
Is 45170443 a prime number?
False
Is 4253309 composite?
False
Is 941909 a prime number?
False
Is 79450417 a composite number?
True
Is 4225379 a prime number?
False
Is 19832741 prime?
True
Is 4901513 composite?
False
Is 2828257 prime?
True
Is 953250667 composite?
False
Is 7078559 a prime number?
True
Is 3579631 a composite number?
True
Is 1113103 a composite number?
False
Is 29914221 a prime number?
False
Is 28007 composite?
True
Is 475039 composite?
True
Is 34647259 prime?
True
Is 308207329 a prime number?
False
Is 80779382 composite?
True
Is 80767 a composite number?
True
Is 14516581 prime?
True
Is 8716817 prime?
True
Is 3822319 a prime number?
False
Is 411847 prime?
False
Is 85168745 a composite number?
True
Is 854363 composite?
False
Is 42675989 a prime number?
False
Is 189307 prime?
True
Is 7454387 composite?
False
Is 9696989 prime?
False
Is 33540359 prime?
True
Is 2262811 a composite number?
False
Is 35005537 composite?
True
Is 22291589 composite?
False
Is 4713649 a prime number?
True
Is 515818249 prime?
True
Is 7267189 a composite number?
True
Is 18746137 composite?
True
Is 14751323 a prime number?
False
Is 3228517 a composite number?
False
Is 80849 composite?
False
Is 2905549 composite?
False
Is 58754177 prime?
True
Is 1245011 prime?
False
Is 136560493 a prime number?
False
Is 8448667 composite?
False
Is 988099 composite?
True
Is 301793027 prime?
False
Is 22057331 a prime number?
True
Is 10479877 composite?
False
Is 178666679 a composite number?
False
Is 92018551 prime?
False
Is 1835999 composite?
True
Is 105973223 prime?
False
Is 3893707 a composite number?
False
Is 263732563 composite?
False
Is 845717 a prime number?
True
Is 35440003 a prime number?
True
Is 510381023 a prime number?
False
Is 3237061 a composite number?
False
Is 10960981 a composite number?
True
Is 94047953 a prime number?
True
Is 323413 a prime number?
True
Is 15522827 composite?
False
Is 558983 composite?
True
Is 5381 composite?
False
Is 98907401 a composite number?
True
Is 705893359 a composite number?
False
Is 5198911 composite?
True
Is 16123097 prime?
True
Is 56989291 composite?
False
Is 36079 a composite number?
True
Is 3081997 composite?
True
Is 410551 a composite number?
False
Is 59097561 a composite number?
True
Is 1082171 a prime number?
True
Is 9426601 a prime number?
False
Is 326973331 a prime number?
False
Is 376885 a prime number?
False
Is 2760029 composite?
True
Is 16919629 prime?
True
Is 29145581 composite?
False
Is 16814839 a composite number?
True
Is 929171 prime?
True
Is 12704767 composite?
True
Is 92265427 composite?
True
Is 8245151 a prime number?
False
Is 283933009 a prime number?
True
Is 116593 a prime number?
True
Is 62472227 prime?
True
Is 7029017 a prime number?
True
Is 661139 a prime number?
True
Is 15892811 composite?
True
Is 13310233 a composite number?
False
Is 1623107 a prime number?
True
Is 31469653 composite?
False
Is 15170423 a prime number?
False
Is 227471767 prime?
False
Is 924767 composite?
True
Is 240561029 prime?
True
Is 18491217 a prime number?
False
Is 98406299 composite?
False
Is 68702367 a prime number?
False
Is 1048433 a composite number?
False
Is 705689 composite?
False
Is 402573247 composite?
False
Is 1122911011 a prime number?
True
Is 393451 prime?
True
Is 106561873 composite?
True
Is 1406885417 a composite number?
True
Is 6517577 prime?
False
Is 1596647 prime?
False
Is 856043 prime?
True
Is 1015527193 prime?
True
Is 8873909 a prime number?
False
Is 179029801 a prime number?
True
Is 1926143 prime?
False
Is 14223691 composite?
False
Is 2293943 a prime number?
False
Is 17113729 a prime number?
Fal